o?
4
Suppose -4*v = -3*v + 1. Let b(i) = i**3 + i**2. Let u(a) = a**3 - 3*a**2 + 4*a - 5. Let m(t) = v*u(t) + 2*b(t). What is the units digit of m(-5)?
5
Let h(o) be the third derivative of -o**5/60 - 7*o**4/24 - 2*o**3/3 - 5*o**2. Suppose -4 = -4*z - 28. What is the units digit of h(z)?
2
Let q(l) = 10*l - 7. Let c be q(1). What is the units digit of c/(-21) - 2019/(-21)?
6
Let f(v) = -v**3 - 15*v**2 - 23*v + 44. Let l be f(-13). Let a = -47 + 107. Suppose -r = -5*c + 6, a = 3*r + l*c + 18. What is the units digit of r?
9
Let p(a) = 225*a**3 + a**2 - a + 1. Let x = 90 + -89. What is the hundreds digit of p(x)?
2
Let i be (-175)/(-5 + 10)*(1 + 0). Let r = i - -47. What is the units digit of r?
2
Let c = 280 + -145. What is the tens digit of c/(-3)*4/(-5)?
3
Suppose 17*k = 21*k + 2*i - 390, 4*k - 2*i - 394 = 0. Let j = 27 - -37. Suppose 5*h - k = 3*v + v, -4*h + j = 4*v. What is the tens digit of h?
1
Let z = -16 - -20. Suppose 3*n + x + x = 50, -63 = -z*n + x. Suppose -r + n = -22. What is the tens digit of r?
3
Suppose 0*o + 3 = 3*o. Let u = -1 + o. Suppose -4*x = -3*k + k - 64, u = 5*x - 2*k - 79. What is the tens digit of x?
1
Suppose 2*x + 19 = -1. What is the units digit of x/(-15)*(-90)/(-4)?
5
Let p(v) = -v**2 - 11 + 0*v**2 + 11*v - v + 1. Let w be p(9). What is the units digit of w/(3/(-9)*1)?
3
Let c(l) = -10*l - 74. Let r be c(-27). Let p = r + -64. What is the units digit of p?
2
Suppose 29 = -4*u + 113. Let c = -33 + u. Let p = -9 - c. What is the units digit of p?
3
Let o(p) = -p**2 - p + 4. Let t be o(-3). Let y(h) = -91*h + 13. What is the tens digit of y(t)?
9
Suppose -5*p = c + 65, -c + 23 = -2*p - 2*c. Let r(j) = 4*j + 11. Let k be r(-3). What is the units digit of 3 + 6*k - p?
1
Let h be 33/3 + -4 + 2 - -2. Suppose 387 = h*q - 8*q. What is the hundreds digit of q?
1
Let y(v) = v**3 + 9*v**2 + 3*v - 7. Let l be y(-6). Suppose -3*x = -5*i - l, -4*x + 3*i = -39 - 90. What is the tens digit of (-2 - x/(-8))*6?
1
Let r(o) = -12*o + 618. What is the tens digit of r(0)?
1
Suppose -4*j + 40 = -2*a - 36, -j + 26 = 3*a. Suppose 5*k + 24 = q, j = 2*k - 5*k + 2*q. What is the units digit of k + ((-50)/(-2) - 3)?
8
Let u be (-3)/(-9) - (-10)/(-30). Let q(k) = 28*k. Let y be q(-1). Let d = u - y. What is the units digit of d?
8
Suppose 4*a + 3*o - 49 - 42 = 0, -106 = -5*a + 4*o. What is the tens digit of (-4480)/(-44) + 4/a?
0
Let k(f) = 3*f**2 + 2*f + 1. Let j be k(-1). Suppose -j*m - 58 = -3*m. What is the units digit of m?
8
Suppose -3*o - 4*g = 11, 0 = -2*o + 3*g + 21 - 0. Let q(r) = 85*r - 28. What is the tens digit of q(o)?
2
What is the units digit of (2628/8)/(19/38)?
7
Let t = 12 - 7. Suppose -i + 12 = t*i. What is the units digit of i?
2
Let r(o) = -4*o - 47. What is the units digit of r(-14)?
9
Suppose -3*u - 82 = -2*v, -3*v - 4*u + 89 = -0*v. Let b = -4 - v. What is the units digit of (-6 + 3)/(-3) - b?
0
Let v(o) = 43*o**2 + 21*o + 14. What is the tens digit of v(-3)?
3
Suppose -4*x = -2*x + 4*v - 336, -4*x + v = -672. What is the hundreds digit of x?
1
Let g(z) = -2*z**2 + 2 + z**2 - 12*z + 9*z + 3*z**2. Let v(x) = -x**3 + 10*x**2 - 9*x - 3. Let w be v(9). What is the tens digit of g(w)?
2
Let g(o) = -2*o - 12. Let y be g(-8). Suppose -y*d + 3*d = -126. What is the tens digit of d?
2
Let r = -28 - -20. Let f = -7 - -25. Let t = r + f. What is the tens digit of t?
1
Let b = 257 - -418. What is the tens digit of b?
7
Suppose 0 = m - 10*l + 5*l + 62, -3*m + 4*l = 175. Let j = 59 + m. What is the units digit of j?
2
Suppose -6 = 3*z, -2*f + 856 = -0*f + 3*z. What is the units digit of f?
1
Suppose 4*r + 2196 = -q + 6*q, -3*r + 1323 = 3*q. What is the tens digit of q?
4
Let j = 6 + -3. Suppose -w = -3*a + 21, -3*a + 35 = 2*a - 4*w. Suppose -84 = j*q - a*q. What is the tens digit of q?
2
Let l = 11 + -11. Let u = 2 + l. Suppose u*k - 59 = -2*i - 11, -5*k - 40 = -3*i. What is the tens digit of i?
2
Let w = -2779 + 4395. What is the units digit of w?
6
What is the hundreds digit of (-8136)/(-10) - (-24)/300*5?
8
Let r(b) = 2*b - 5 - 10 + 16 + 67*b**2. What is the tens digit of r(2)?
7
Suppose -362 = -9*l + 214. What is the tens digit of l?
6
Let t(w) = -6*w**2 + 2*w + 3*w**2 - 4*w + 2*w**2. Let x be t(-1). Suppose -3*f + x = f + 3*g, -9 = -5*f + 4*g. What is the units digit of f?
1
Let j be 1 - (1 + 2*-3). Let f be j*(-3)/(-6) - -9. Suppose -2*s = -32 - f. What is the tens digit of s?
2
Suppose 0 = -4*v + v + 144. Suppose 0 = -0*g - 4*g + v. What is the tens digit of g?
1
Let a = -214 - -411. What is the tens digit of a?
9
What is the units digit of -4405*(4/(-35) + (-4)/14)?
2
Suppose 5*n - w - 151 - 1228 = 0, -4*n + 1116 = -4*w. What is the units digit of n?
5
Suppose 1212 + 264 = 6*v. Suppose 2*q = 4*s - q - v, 0 = -5*s - 3*q + 294. What is the tens digit of s?
6
What is the tens digit of 1689/(5/5)*(-16)/(-24)?
2
What is the hundreds digit of -102 + 103 + (-1 - -1458)?
4
Let r(b) = 45 - 4*b**2 + 13*b + b + b**3 - 19 + 24*b**2. What is the units digit of r(-19)?
1
Let c(q) = 11*q - 4. Suppose 5 = 2*g - 3. What is the units digit of c(g)?
0
Let l(a) = 6*a**2 - 14*a - 9. What is the hundreds digit of l(9)?
3
Suppose 0 = 4*o - 0*o - 2148. What is the hundreds digit of o?
5
Suppose -3*y + 4*o = -137, -4*y + 216 = -0*y + 3*o. Suppose 4 = -2*c, 2*k + 8 = 4*c - 9*c. What is the tens digit of k/(0 - (-3)/y)?
1
Let u be 4 + (-5 + 1 - -3) - -587. Suppose -12*q = -u - 1102. What is the hundreds digit of q?
1
Let z(l) = 10*l**2 + 19*l - 6. What is the tens digit of z(-8)?
8
Suppose 4*n = 5*r + 1327, 3*r = 3*n - 8*n + 1668. What is the hundreds digit of n?
3
Suppose -13*b = -212 - 2804. What is the tens digit of b?
3
Let m(c) = 12*c - 9. Let x(b) = b. Let d(w) = m(w) - 3*x(w). What is the tens digit of d(5)?
3
Suppose z - 6 = -z + 2*b, 6 = z - 2*b. Let t be (10/15)/(2/(-6)). What is the units digit of 4 + 2 + t + z?
4
Let c = -334 + 416. What is the units digit of c?
2
Suppose 5*j = j + p - 20, -5*j - 2*p = 38. Suppose 16 = 6*q - 8*q. What is the units digit of (j/5)/(q/100)?
5
Suppose -2*x + c = 2*x - 14, 0 = 2*x - 5*c + 2. Suppose -x*d + 839 = -273. What is the units digit of d?
8
Let l be ((-2)/3)/((-4)/12). Suppose r = l*r + 55. What is the tens digit of (r/44)/(1/(-8))?
1
Let l(d) = -194*d - 310. What is the tens digit of l(-20)?
7
What is the units digit of (2 - -37)/(33/154)?
2
Let h(s) = -28*s**3 - 2*s**2 + 10*s + 8. What is the tens digit of h(-3)?
1
Suppose -9*t - 26*t = -6825. What is the units digit of t?
5
Let j(g) = -g**3 - 7*g**2 + 7. Let i be j(-7). Let a = i + -2. Suppose 7 = a*l - 13. What is the units digit of l?
4
Suppose 3*k + 4*m - 1078 = 0, k - 4*m = 7 + 347. What is the units digit of k?
8
Suppose 7*w + 1644 = 6*w. What is the hundreds digit of w/(-9) - (-3)/9?
1
Suppose -4*r - 13 = -5, -2*w - 10 = 3*r. Let i = w + 74. What is the units digit of i?
2
What is the units digit of (-1 + 1 + 4)/((-10)/(-2210))?
4
What is the units digit of (((-952)/70)/(-1))/((-4)/(-210))?
4
Let d(y) = 15*y**3 - 2*y**2 - 3*y - 4. What is the tens digit of d(3)?
7
Suppose 176 = 4*r + 4*j, 4*r - 241 = -5*j - 67. Suppose 0 = -4*q + 6*q - r. What is the units digit of q?
3
Suppose 3*k = 5*d + 123, -7*k + 33 = -6*k + d. What is the tens digit of k?
3
Let v = -1 + 5. Suppose 628 + 152 = v*f. What is the tens digit of f?
9
Suppose 2*y + c + 8 = 0, -2*y + 3*c = -0*y. Let t be 22/y + (-14)/21. Let h = t + 13. What is the units digit of h?
5
Let u = -64 + 67. Let b = u - -74. What is the units digit of b?
7
Suppose -4*g + 2*g - 3*n + 3176 = 0, 0 = -2*g - 4*n + 3172. What is the thousands digit of g?
1
Let u(z) = 36*z + 14. What is the hundreds digit of u(6)?
2
Let r(c) = c**3 + 3*c**2 - 6*c - 6. Let k be r(-4). Suppose h = k*h - 45. Suppose h = 2*o + 5*p, -5*o + 19 + 26 = -p. What is the units digit of o?
0
Suppose 3*o - 2862 = -759. What is the tens digit of o?
0
Suppose -10*t + 14415 = 5*t. What is the units digit of t?
1
Suppose d + 55 = 12*d. Suppose 0 = -5*j, d*n - 4*j = -0*j + 115. What is the units digit of n?
3
Let x be (-22)/(-8) + 2/8. What is the units digit of 3*(-152)/(-36)*x?
8
Let v(t) = -45*t - 40. What is the tens digit of v(-6)?
3
Let y be (-3)/(24/(-118)) - (-18)/(-24). What is the tens digit of (-65)/30*(-3 + 0)*y?
9
Suppose 